is divided by 217.
194
What is the remainder when 7211 is divided by 1208?
1171
What is the remainder when 73396 is divided by 5645?
11
What is the remainder when 13262 is divided by 225?
212
Calculate the remainder when 121611 is divided by 40522.
45
What is the remainder when 1048 is divided by 70?
68
Calculate the remainder when 5410 is divided by 5394.
16
What is the remainder when 562912 is divided by 413?
406
Calculate the remainder when 511 is divided by 2.
1
Calculate the remainder when 35818 is divided by 78.
16
What is the remainder when 830875 is divided by 58?
25
Calculate the remainder when 35625 is divided by 91.
44
Calculate the remainder when 23935 is divided by 1867.
1531
Calculate the remainder when 4196 is divided by 524.
4
What is the remainder when 2847 is divided by 42?
33
What is the remainder when 375171 is divided by 1075?
1071
Calculate the remainder when 23726 is divided by 3953.
8
What is the remainder when 7805 is divided by 600?
5
What is the remainder when 1219450 is divided by 39?
37
Calculate the remainder when 22608 is divided by 4513.
43
What is the remainder when 30705 is divided by 7?
3
What is the remainder when 17115 is divided by 535?
530
What is the remainder when 3890 is divided by 1292?
14
What is the remainder when 181145 is divided by 7?
6
What is the remainder when 31996 is divided by 15998?
0
What is the remainder when 77837 is divided by 515?
72
Calculate the remainder when 818 is divided by 415.
403
What is the remainder when 821 is divided by 206?
203
What is the remainder when 4817 is divided by 688?
1
Calculate the remainder when 389593 is divided by 194790.
13
Calculate the remainder when 4565 is divided by 1313.
626
Calculate the remainder when 270900 is divided by 653.
558
What is the remainder when 705 is divided by 334?
37
What is the remainder when 6335 is divided by 1583?
3
Calculate the remainder when 38060 is divided by 1086.
50
What is the remainder when 771962 is divided by 257318?
8
Calculate the remainder when 10729 is divided by 5358.
13
Calculate the remainder when 2819 is divided by 13.
11
What is the remainder when 467199 is divided by 50?
49
Calculate the remainder when 1255 is divided by 91.
72
What is the remainder when 10419 is divided by 104?
19
What is the remainder when 47321 is divided by 388?
373
Calculate the remainder when 82731 is divided by 1561.
1559
Calculate the remainder when 152261 is divided by 49.
18
Calculate the remainder when 3167 is divided by 88.
87
Calculate the remainder when 6218 is divided by 577.
448
What is the remainder when 1205378 is divided by 1007?
1006
Calculate the remainder when 233104 is divided by 38830.
124
Calculate the remainder when 23750 is divided by 567.
503
Calculate the remainder when 66857 is divided by 153.
149
What is the remainder when 129180 is divided by 56?
44
Calculate the remainder when 2921 is divided by 107.
32
Calculate the remainder when 174330 is divided by 87160.
10
What is the remainder when 669200 is divided by 207?
176
What is the remainder when 30409 is divided by 6?
1
What is the remainder when 816 is divided by 330?
156
What is the remainder when 492514 is divided by 138?
130
What is the remainder when 1705 is divided by 43?
28
What is the remainder when 15279 is divided by 4820?
819
What is the remainder when 14596 is divided by 36?
16
Calculate the remainder when 39752 is divided by 19875.
2
Calculate the remainder when 496598 is divided by 260.
258
What is the remainder when 3813 is divided by 868?
341
Calculate the remainder when 6450 is divided by 536.
18
Calculate the remainder when 358908 is divided by 4324.
16
Calculate the remainder when 21493 is divided by 713.
103
Calculate the remainder when 265307 is divided by 1340.
1327
What is the remainder when 7127 is divided by 1424?
7
Calculate the remainder when 3272 is divided by 3123.
149
What is the remainder when 128740 is divided by 113?
33
What is the remainder when 1652 is divided by 1585?
67
Calculate the remainder when 3077 is divided by 805.
662
Calculate the remainder when 934 is divided by 249.
187
Calculate the remainder when 26882 is divided by 29.
28
Calculate the remainder when 14465 is divided by 1644.
1313
What is the remainder when 1584 is divided by 115?
89
Calculate the remainder when 90176 is divided by 204.
8
Calculate the remainder when 13398 is divided by 4463.
9
Calculate the remainder when 334668 is divided by 1725.
18
Calculate the remainder when 38837 is divided by 19.
1
What is the remainder when 20585 is divided by 52?
45
What is the remainder when 7802 is divided by 6?
2
Calculate the remainder when 463 is divided by 140.
43
What is the remainder when 23434 is divided by 7?
5
What is the remainder when 3901 is divided by 42?
37
What is the remainder when 5939 is divided by 1970?
29
What is the remainder when 121331 is divided by 24265?
6
Calculate the remainder when 54543 is divided by 487.
486
Calculate the remainder when 28961 is divided by 14.
9
What is the remainder when 250478 is divided by 124?
122
Calculate the remainder when 551502 is divided by 1027.
3
Calculate the remainder when 91454 is divided by 8.
6
Calculate the remainder when 11836 is divided by 623.
622
Calculate the remainder when 3878 is divided by 42.
14
What is the remainder when 4204 is divided by 71?
15
What is the remainder when 148884 is divided by 13?
8
Calculate the remainder when 128404 is divided by 61.
60
What is the remainder when 1290 is divided by 13?
3
What is the remainder when 12060 is divided by 4012?
24
What is the remainder when 7643 is divided by 187?
163
What is the remainder when 8530 is divided by 2005?
510
Calculate the remainder when 24813 is divided by 264.
261
What is the remainder when 2141 is divided by 304?
13
What is the remainder when 100398 is divided by 20?
18
Calculate the remainder when 195700 is divided by 1165.
1145
What is the remainder when 4948 is divided by 28?
20
Calculate the remainder when 4694 is divided by 78.
14
What is the remainder when 10966 is divided by 65?
46
Calculate the remainder when 15303 is divided by 1410.
1203
What is the remainder when 10398 is divided by 1289?
86
What is the remainder when 1399 is divided by 419?
142
Calculate the remainder when 56641 is divided by 2573.
35
Calculate the remainder when 2291 is divided by 27.
23
What is the remainder when 312017 is divided by 37?
33
What is the remainder when 20100 is divided by 37?
9
What is the remainder when 4087605 is divided by 406?
403
Calculate the remainder when 38444 is divided by 1069.
1029
Calculate the remainder when 19772 is divided by 4835.
432
Calculate the remainder when 3382 is divided by 152.
38
Calculate the remainder when 63559 is divided by 86.
5
Calculate the remainder when 12428 is divided by 24.
20
What is the remainder when 31491 is divided by 100?
91
Calculate the remainder when 41517 is divided by 80.
77
Calculate the remainder when 15460 is divided by 107.
52
Calculate the remainder when 1694 is divided by 468.
290
What is the remainder when 666399 is divided by 833?
832
What is the remainder when 28177 is divided by 2?
1
Calculate the remainder when 68931 is divided by 19.
18
What is the remainder when 7614 is divided by 61?
50
What is the remainder when 367791 is divided by 9?
6
What is the remainder when 17037 is divided by 569?
536
What is the remainder when 1147 is divided by 355?
82
Calculate the remainder when 8878 is divided by 57.
43
Calculate the remainder when 813 is divided by 161.
8
What is the remainder when 45388 is divided by 51?
49
What is the remainder when 16286 is divided by 575?
186
What is the remainder when 4209 is divided by 1401?
6
Calculate the remainder when 4798 is divided by 4786.
12
Calculate the remainder when 437 is divided by 53.
13
What is the remainder when 1396 is divided by 685?
26
Calculate the remainder when 79939 is divided by 19.
6
What is the remainder when 57944 is divided by 425?
144
Calculate the remainder when 332 is divided by 85.
77
What is the remainder when 6277 is divided by 46?
21
Calculate the remainder when 14459 is divided by 241.
240
Calculate the remainder when 551 is divided by 164.
59
What is the remainder when 3209 is divided by 289?
30
Calculate 